late k(x).
-14
Let z(d) = -4*d**2 - 3*d - 2. Let g = 202 - 203. Give z(g).
-3
Let k be (-2)/1*(-7)/(-2). Let n(b) = -1 + 6*b**2 - 2*b**3 - 7*b + 7*b**3 + 11*b**3 - 15*b**3. Calculate n(k).
-1
Let f(s) be the third derivative of -s**7/840 - s**6/180 - s**5/120 - s**4/12 - 7*s**3/6 - 6*s**2. Let v(o) be the first derivative of f(o). Determine v(-3).
10
Let q(d) be the third derivative of -d**4/6 + d**3/6 - d**2. Suppose -2*i + 5 + 47 = 0. Let u = -24 + i. Determine q(u).
-7
Let c(f) = -67 - 69 - 75 + 205 - f**3 + 3*f**2 + 5*f. Determine c(4).
-2
Let l(c) = -c - 2. Let j be l(-4). Suppose 0*w - j*w = -6. Let z(i) = w*i**2 - 1 - 12*i - 15*i + 24*i - 4*i**2. Determine z(-2).
1
Let b(i) be the third derivative of -i**5/30 + 11*i**4/24 + 8*i**3/3 - 243*i**2. Give b(7).
-5
Suppose -32*h - 54 = -29*h. Let v be 102/h + (-2)/(-3). Let x(d) = d**3 + 5*d**2 - d + 2. Give x(v).
7
Let u(g) be the third derivative of g**6/24 - g**3/6 - 28*g**2 + 2*g. Calculate u(1).
4
Let c(d) = 1 - 6*d + 12*d - 7*d. Suppose -3*k = 2*s - 0*s - 21, -3 = -k. Let b(t) = 12*t + 5. Let i(g) = s*c(g) - b(g). Give i(1).
-17
Suppose 3*n + n - 16 = -4*f, 4*n + 5*f - 15 = 0. Suppose -5*u + 3*d + n + 16 = 0, -5 = -u + d. Let b be ((-8)/u + 3)*-15. Let s(g) = -g - 1. Give s(b).
4
Let h(x) = -2*x**2 + 26*x - 80. Let b be h(5). Let r(o) be the second derivative of b + o + o**2 - 5/6*o**3. Determine r(-2).
12
Let r(w) = 20*w**2. Let h be r(-1). Suppose 0*b + h = b. Let j = b + -26. Let o(i) = -3*i - 4. What is o(j)?
14
Let b(m) be the second derivative of m**5/20 + m**4/2 + 5*m**3/6 + 5*m**2/2 + 119*m. Calculate b(-6).
-25
Let w(f) be the third derivative of -12*f**2 + 0 + 1/6*f**4 + 7/6*f**3 + 0*f - 1/60*f**5. Give w(7).
-14
Suppose 0 = 15*c - 14*c - 2. Let l(w) = -w**2 - 7*w**c + 0*w**2. Calculate l(-1).
-8
Let h(i) = i**2 - 2. Let v(r) = -r**2 + 2. Let p(d) = 4*h(d) + 3*v(d). Determine p(2).
2
Let j(p) be the third derivative of -17*p**2 + 0*p**3 + 0*p + 0 + 1/60*p**5 + 7/24*p**4. Give j(-7).
0
Let d(r) = 2*r - 4. Let m(p) = 10*p - 21. Let f(s) = 11*d(s) - 2*m(s). Suppose -8*b - 25 + 57 = 0. Determine f(b).
6
Let y = 35 + -23. Let d be 4/6 + y/9. Let i(f) = -2*f**2 + 2*f - 3. Determine i(d).
-7
Let s(y) = -y**3 + y**2 + 3*y - 2. Let h be s(2). Suppose 0*n + 4*n - 40 = h. Suppose -4*d - 6 = n. Let j(b) = 3*b + 1. What is j(d)?
-11
Let v(u) = 159*u - 43*u - 20*u - 25 - 63*u - u**3 + 31*u**2. What is v(32)?
7
Let u(f) be the third derivative of 6*f**2 + 0*f**4 + 0*f**3 + 0*f + 0 + 0*f**6 - 1/10*f**5 - 1/560*f**7. Let d(t) be the third derivative of u(t). Give d(-1).
9
Let f(g) = 6 - 5*g + 2*g**3 + g**2 - 7*g**2 - 3*g**3. Let j = 53 + -58. Calculate f(j).
6
Let z be (1/2)/(9/90). Suppose 4 = 4*f - 4*x - 8, -2*f - x + 6 = 0. Let v(y) = y**3 - 7*y + 3 - 1 + 7 - f - 4*y**2. Calculate v(z).
-4
Let k(x) = 4*x**2 + x + 2. Let b = -89 + 96. Suppose -b = -4*d + m, -3*m + 7 = 5*d - 3*d. Calculate k(d).
20
Let w be (-1980)/38 + (-8)/(-76). Let n be (1/4)/(13/w). Let l(c) be the second derivative of 5*c**4/6 - c**2/2 - c. What is l(n)?
9
Let x(k) = k**3 + 11*k**2 + 11*k + 8. Suppose -9 = -o + 61. Let s = o - 80. Determine x(s).
-2
Let f(a) = 3*a**2 - 39*a + 42*a + a**3 + 8*a**2 - 14*a**2. Give f(2).
2
Let f(l) = -l**3 + 2*l**2 + 2*l + 3. Let z be f(3). Let w(h) be the third derivative of 0 - 6*h**2 + 1/24*h**4 + 0*h**3 + 0*h. Calculate w(z).
0
Suppose 5*q + 15 = 45. Let c(w) = 9*w - 8. Give c(q).
46
Let o(d) = 2 - 1 - 4*d - 2. Let a(b) be the third derivative of b**4/6 + b**3/6 + 10*b**2. Let f(s) = 6*a(s) + 7*o(s). Determine f(-2).
7
Let z(q) = -10 + 33*q - 63*q + 31*q. Suppose 20 = 3*g - 4*p - 23, -p = -g + 16. Suppose 0 = -4*k + 3 + g. Give z(k).
-4
Let s(n) = n**3 - 8*n**2 - 6*n - 6. Let w be s(9). Let o = w - 23. Let d(i) = 2*i**3 + 3*i + 0*i**2 + 1 + 4*i**2 + 0*i**2. What is d(o)?
-5
Let y(l) = 2*l**3 - l**2 - 6*l + 12. Let c(b) = -b**3 + b**2 + 4*b - 6. Let g(a) = -5*c(a) - 2*y(a). Determine g(5).
16
Suppose 4 = 4*y - 0*u - 4*u, 3*y - 4*u = 0. Suppose -c = -y, h - 3*c - 15 = -2*c. Let r = -20 + h. Let s(v) = -v**3 + v. Determine s(r).
0
Let i(j) = -j**3 - 6*j**2 - 4*j + 3. Let o be i(-5). Let d(b) be the first derivative of -2*b**3/3 - 2*b**2 - 3*b + 11. Give d(o).
-3
Suppose 0 = 23*t + 15 - 245. Let i(l) = -l**3 + 9*l**2 + 9*l + 14. Calculate i(t).
4
Let m(i) be the third derivative of -i**6/144 + i**5/60 - 11*i**4/24 - 5*i**2. Let p(f) be the second derivative of m(f). What is p(-2)?
12
Let f(p) = -p**2 + 12*p + 9. Let r be 1/(-5)*1 + (-726)/(-55). Determine f(r).
-4
Let a(v) = -2*v - 15. Let z(k) = -k - 8. Let l(w) = -4*a(w) + 9*z(w). Let c(x) = 5*x**2 - 165*x. Let i be c(33). Determine l(i).
-12
Let a(v) = 3*v - 221. Let z(o) = 5*o - 147. Let d(b) = 2*a(b) - 3*z(b). Let q be -1 + (1 - 1)/(-1). What is d(q)?
8
Let d(h) be the second derivative of h**7/1260 - h**5/60 + 7*h**4/12 + 3*h. Let u(f) be the third derivative of d(f). What is u(-2)?
6
Let o = -2457 - -2458. Suppose -p = -2*p + 5. Let n(w) = w**2 + p*w**3 - w - w**2 + 2*w**2. Give n(o).
6
Let b(c) = -5*c**2 + 4*c + 14. Let o(p) = -11*p**2 + 7*p + 28. Let m(w) = 9*b(w) - 4*o(w). Give m(10).
-6
Let w = -36 - -40. Suppose -8 + 2 = -2*x + 2*s, 0 = 5*x + 5*s - 35. Let p(h) = x*h + w*h - h - 15*h. What is p(-2)?
14
Let d(u) = 7*u**2 + 2*u - 14. Let a(p) be the first derivative of -1/3*p**3 + 4 - 1/2*p**2 + p. Let q(b) = 6*a(b) + d(b). Calculate q(6).
4
Let m(i) be the first derivative of i**3/3 - i**2/2 + 2*i + 22. Let t(n) = n**2. Let d be t(2). Determine m(d).
14
Let i(v) = v - 12. Let k be (-1)/4*2*-66. Let p = k - 33. What is i(p)?
-12
Let x(o) = o**2 - 5*o + 1. Let p(w) = 3*w + 7. Let j be p(6). Let h = -16 + j. Suppose 5*i - 31 = 2*y - 5*y, -3*i + h = -3*y. Determine x(i).
1
Let r(g) = -g - 2. Suppose -6*h = -2*h + 28. Let z = h - -11. Suppose 12 = -3*y + 7*y - z*b, -19 = -3*y + 5*b. Calculate r(y).
0
Let l(y) = -5*y**2 + 23*y + 14. Let o(z) = 2*z**2 - 8*z - 5. Let r(c) = 6*l(c) + 17*o(c). Let p = -26 - -26. Suppose -2*m + 3 - 1 = p. Give r(m).
5
Let u(m) = 7*m - 6. Let i be u(2). Let l(n) = -19*n + 6*n + 6*n + i*n. Give l(5).
5
Suppose 240 = -130*g + 110*g. Let f(d) = d**2 + 11*d - 9. Give f(g).
3
Let i be 2 + -4 + 4*-1. Let b(u) be the third derivative of -13/6*u**3 + 0 - 10*u**2 - 1/24*u**4 + 0*u. Determine b(i).
-7
Let z(c) = -c**2 - 8*c - 2. Let r = 127 - 124. Suppose 0 = u + r*g, -4*u + 4*g - 39 = -7. Determine z(u).
10
Let r(a) = 5*a + 3. Let t(f) = 4*f**2 - 178*f - 83. Let o be t(45). Determine r(o).
38
Let d(t) = t**2 + 1. Let z be (39 + 3)*(-2)/(-3). Let j = -37 + 11. Let s = j + z. Calculate d(s).
5
Let c(w) = 1. Let i(v) = -v**3 - 5*v**2 + 5*v + 6. Let o(t) = 6*c(t) - i(t). Give o(-6).
-6
Let n = 4 - 2. Let o be 9 - (8 + (-5 - 0)). Let b(m) = 4 + 3*m + 0*m + n*m - o*m. What is b(0)?
4
Suppose -4*t - 12 = -6*r + 10*r, -2*r - 13 = -5*t. Let x(n) = -6*n**3 - n**2. Calculate x(t).
-7
Let b(f) = 64 + 54 - 173 + f + 62. Give b(-10).
-3
Let s(r) = -13*r**2 - r - 13. Let m(k) = 3*k**2 + 3. Let v(i) = -i**3 - 15*i**2 - 12*i + 30. Let d be v(-14). Let f(c) = d*s(c) + 9*m(c). Determine f(2).
1
Let r(c) be the first derivative of 3*c - 8 + 1/2*c**2. Suppose -4*m - 31 = 5*a, 0 = -0*m + 3*m - 3. Calculate r(a).
-4
Suppose -i - 6 = -4*w, 71 = 3*i + i + 3*w. Suppose -2*x = -5*q - 14, -5*q - i = -4. Let o(g) = 3*g**2 - 4*g + 2. Give o(x).
6
Let h(y) be the second derivative of y**5/20 + y**4/4 + y**3/3 - y**2/2 + 27*y. Suppose 0 = -5*q - 2*q - 14. Calculate h(q).
-1
Let p = -2 + -2. Let y = 35 - 32. Let z(f) = -4 + 12*f**y + 2*f**2 - 13*f**3 + 0*f**2 - 6*f**2. What is z(p)?
-4
Let b(a) = a**3 - 7*a**2 + 7*a - 7. Let l(h) = 2*h**2 - 2*h + 3. Let j be l(2). Let o = 4 + j. Suppose 5*k + 2*r = 32, 2*k + 4*r - o = 5. What is b(k)?
-1
Let j(c) = c**3 + 4*c**2 - c + 5. Let f(w) = w**3 - 20*w**2 + 35*w + 13. Let r be f(18). Determine j(r).
-15
Let z(t) = 5*t + 14. Let q be (-440)/165*(-3)/(-2). Give z(q).
-6
Suppose -21*y = -7*y - 42. Suppose -9 = y*m + 12. Let q(s) = -3*s + 1. Give q(m).
22
Let x(o) = -1110 - 5*o**2 - 4*o**2 + 9*o + 1102 - o**3. Calculate x(-10).
2
Let k(n) = -3999*n**3 + 30 - 24*n + 10*n**2 - 38 + 4000*n**3. Calculate k(-12).
-8
Let l(t) = -8 + 4*t**2 - 5*t**2 - 6*t - 1. Let s = -6 + 1. Let p be l(s). Let c(z) = -z**3 - 5*z*